- 10. Let h(i) = 3*i**3 - 5*i**2 + 12*i - 9. Let p(z) = 6*f(z) - 7*h(z). What is p(l)?
-13
Let a(p) = -6*p + 84. Let y be 31 + -22 + -10 - (-10)/(-1 - -2). Give a(y).
30
Let o(f) = -34*f + 508 - 597 + 44*f. Give o(8).
-9
Let a(g) = -2 - 15*g**2 + 643*g - 13*g**2 - 648*g - 6*g**2. Give a(-1).
-31
Suppose 4*t + 180 = 8*t. Let n = -43 + t. Let l(r) = 4*r**2 - 1562*r + 1559*r - r**n + 2. Calculate l(2).
8
Let d = 47 + -39. Let l(s) = -3*s + 8. Let k(u) = -5*u + 12. Let m(c) = d*l(c) - 5*k(c). Suppose -217 = -63*o - 595. Give m(o).
-2
Let c(m) be the second derivative of m**4/12 + 4*m**3/3 + m**2/2 - 48*m. Suppose 4*b = 5*u + 56, 32 = -3*u - 3*b + 5*b. Calculate c(u).
1
Let f(s) = -597*s - 4772. Let t be f(-8). Let y(v) = v**3 - 6*v**2 + 2*v + 2. What is y(t)?
-22
Let w(k) be the first derivative of k**2/2 + 9*k - 1650. What is w(5)?
14
Let o(p) = 8*p + 4. Let m(c) = 9*c**2 - 40*c + 164. Let j be m(5). Let t be 2/20 - j/90. Calculate o(t).
-12
Let v(x) be the second derivative of x**5/120 + x**4/24 + x**3/6 - x. Let b(k) be the second derivative of v(k). Let q = -119961 + 119965. Give b(q).
5
Let n(u) = 4*u - 221. Let d(o) = -3*o + 104. Let m(k) = -5*d(k) - 2*n(k). Give m(11).
-1
Let m(w) = 6*w**3 - 5*w + 3*w - 4 + 27*w + 2*w**2 - 28*w - 5*w**2. Determine m(-2).
-58
Let v(t) be the third derivative of 1/60*t**5 + 1/3*t**3 + 0 + 0*t - 12*t**2 - 1/24*t**4. Let h(m) = -m**2 + 28*m - 47. Let n be h(26). What is v(n)?
22
Suppose -2*l - 6 = x, 1853 = 3*l - x + 1832. Let v(z) be the third derivative of -z**5/60 + z**4/12 + z**3/6 - 2*z**2. Give v(l).
-2
Let x(j) = -j**2 - 1. Let o be (-6*(-4)/30)/((-3)/(-15)). Suppose -o*n = -3*c - 18, 5*c = -0*c - 10. Determine x(n).
-10
Let m = -12 + 16. Let h(s) = -5*s. Let l(k) be the third derivative of 3*k**4/8 - k**3/6 - 18*k**2. Let g(x) = -5*h(x) - 3*l(x). Give g(m).
-5
Let h(w) = 2*w**2 + 10*w + 7. Let i(p) = -3*p**2 - 10*p - 8. Let m(d) = 4*h(d) + 3*i(d). Give m(7).
25
Let l = 12759 + -12770. Let t(g) = g**2 + 13*g + 45. Give t(l).
23
Let g(p) be the second derivative of p**3/6 - 2*p**2 + 3*p + 876. What is g(29)?
25
Let l(y) be the third derivative of -y**5/60 - y**4/8 + 7*y**3/6 - 306*y**2. Calculate l(8).
-81
Suppose -40*y - 42 = -33*y. Let b(g) = -g**2 - 8*g + 4. Let j(n) = 2*n**2 + 18*n - 8. Let p(z) = -5*b(z) - 2*j(z). Calculate p(y).
8
Let l(h) = -6*h**2 - 17 + 4*h - 4*h**2 + 0*h**2 + 0*h**2 + 11*h**2. Give l(-3).
-20
Let h = -16992 + 16992. Let n(v) = 6*v**3 - 6*v**2 - 4*v - 9. Let y(d) = -d**3 + d**2 + d. Let z(c) = -n(c) - 5*y(c). Calculate z(h).
9
Let i(a) = 28 - 102*a + 154 + 86*a. Calculate i(12).
-10
Let y = -5326 - -5315. Let k(f) = -3 - 1 - 4*f - 4*f + 7*f. Give k(y).
7
Let o(n) = -32 - 25*n - 2 + 2 - 10 - 13. Let m be o(-2). Let d(y) = 2*y - y - 4*y - 1. Give d(m).
14
Let d(l) = l**3 + 13*l**2 + 23*l - 13. Let v(j) = 43*j - 570. Let k be v(13). Give d(k).
-24
Suppose -5*p + 22 + 28 = 5*k, -4*p = 0. Let g(b) be the third derivative of b**4/24 - b**3/6 + 1714*b**2. What is g(k)?
9
Let y be ((-1)/(-2) + 24/(-16))*169. Let o = y - -176. Let t(h) = -h**2 + 7*h - 4. Give t(o).
-4
Let q(w) = -w**3 - 4*w**2 - 17*w - 24. Let r be q(-2). Let k(p) = -5728*p + p**2 + 5732*p + 0*p**r. What is k(-4)?
0
Let i be -1043*(84/(-49))/2. Let r(b) = 446*b - i*b + 444*b - 7. Give r(-3).
5
Let c = 48 - 46. Let s(p) = -c*p**3 - 5*p**2 + 4*p**2 - 7*p - 4*p**2 + 3*p**3 + 8. Let l be (27/(-12))/(12/(-32)). What is s(l)?
2
Let i be 1*(-223)/(-9) + 6/27. Suppose 24*v - i*v - 4 = 0, 5*v = -l - 22. Let f(u) = -u**3 + 2*u + 3. Determine f(l).
7
Let n(m) = m**2 + 12*m + 6. Suppose -4*i + 114 - 191 = 5*p, -80 = 5*p + 5*i. Give n(p).
19
Let b(k) = k**3 - 9*k**2 - 11*k + 3. Let u = 14898 - 14889. Give b(u).
-96
Let r(a) be the second derivative of -a**5/20 + a**4/3 + 2*a**3/3 - 5*a**2/2 + 4534*a. Suppose 0 = 3*x - o - 9, -3*x + 8*x - 5*o = 5. Give r(x).
11
Let b(i) = -11*i + 9. Let w(v) = 13*v - 7. Let k(m) = -5*b(m) - 4*w(m). What is k(3)?
-8
Let v(u) = -95*u + 37. Let t(j) = -21*j + 10. Let k(s) = -9*t(s) + 2*v(s). What is k(9)?
-25
Suppose 10 = -5*v, 0*v + 10 = 3*c - 5*v. Let o(f) = 2883039*f**2 - f - 2883040*f**2 - f - 47 + 2*f. Determine o(c).
-47
Let y = -7551 + 7551. Let g(c) = -2 - 1 - 4*c + 2*c + 4*c. Determine g(y).
-3
Let z(t) = -13*t + 400. Let m(p) = 49*p - 1624. Let w(s) = 2*m(s) + 9*z(s). Calculate w(18).
10
Let c(b) = 2*b**2 + 62*b + 60. Suppose 6*d + j = -151 - 22, -4*j + 58 = -d. Calculate c(d).
0
Let g = -443 - -451. Let t be ((-62)/8 + g)*-12. Let a(r) = 6*r. What is a(t)?
-18
Let d(b) = b**2 + 9*b - 3. Suppose -2 = -3*t + 4877*w - 4878*w, 4*t - 4 = -2*w. Determine d(t).
-3
Let r be 2 + 0*5/(-10). Let u(m) = m**2 - 8*m + 6 - r*m + m + 3*m. Let t be u(3). Let p(i) = 2*i**2 + 3*i - 2. Calculate p(t).
7
Let q(o) be the second derivative of 0 + 5/6*o**3 - 10*o - 17/2*o**2. Let n be q(5). Let h(g) = g**3 - 9*g**2 + 10*g - 8. Calculate h(n).
8
Let s(u) = 28*u**2 - 552*u - 5. Let y(l) = 15*l**2 - 302*l - 3. Let o(h) = -6*s(h) + 11*y(h). Determine o(-4).
-11
Let x(u) = -3*u**3 + u**2 + 6*u + 2. Let c = -7066 - -7063. Calculate x(c).
74
Suppose -4*g - 39 - 21 = 2*g. Let y(i) = i**2 + 9*i - 29. Calculate y(g).
-19
Let a(m) = -m + 20. Suppose -2*n - 2*d - 2*d = -12, 12 = 2*n - 5*d. Let p be a(n). Let k(w) = -2*w + 32. What is k(p)?
4
Let m(n) be the third derivative of -n**4/8 + n**3/3 + 2*n**2 + 53. Suppose 2*b + 3*o - 4 - 6 = 0, 4*b + 3*o = 14. Determine m(b).
-4
Let x be 138/(-483)*7/4*20. Let y(n) = 2*n + 28. What is y(x)?
8
Suppose 4 - 16 = -3*c. Let o(h) = h**2 - h + 1. Let v(d) = 3*d**2 - 2*d + 2. Let k(g) = c*o(g) - v(g). Let x be k(0). Let w(p) = -2*p - 1. Determine w(x).
-5
Let f be 16/6*2805/374. Let s(b) be the third derivative of -1/60*b**5 + 1/3*b**4 - 1/6*b**3 + 0*b + 0 - f*b**2. Give s(6).
11
Let b = 276 - 262. Let w(i) = 8 + i**2 + b*i - 14*i - 6*i. Calculate w(6).
8
Let s(c) = -c**3 + 14*c**2 + c - 13. Let f be 3/(2 + -5) + 4. Let v be f - (6 + (4 - 21)). Calculate s(v).
1
Let o(k) = 3*k**3. Let r(d) = -2*d**3 - 6*d**2 - 25*d + 124. Let q(b) = -o(b) - r(b). Let h be q(4). Let w(y) = -y + 17. Determine w(h).
9
Let z = 364 + -354. Let g(w) = -z - 13 + 24*w + 13 + 9. Suppose -2*m - 17 = v - 4*v, 0 = 4*m - v + 9. What is g(m)?
-25
Suppose 52 = 4*y - 3*d - 25, 3*y - 5*d - 66 = 0. Suppose 3*f - 14*q + y*q + 27 = 0, -7 = f + 3*q. Let j(m) = -m**2 - 12*m + 6. Determine j(f).
26
Let l(k) = -6*k + 1. Suppose -3*c = 5*m - 8, 3*c + m - 5 = -1. Let d = 3 + c. Calculate l(d).
-23
Let l(f) = 1. Let h(o) = 25*o - 405. Let u(z) = -h(z) - 9*l(z). Calculate u(16).
-4
Let y(c) = -27*c - 1. Suppose 7*p - 2*q - 7 = 8*p, 6 = -2*q. What is y(p)?
26
Let w(i) = 38*i + 5. Let b(h) = 104*h + 18. Let v(l) = -4*b(l) + 11*w(l). Suppose y + 3*z - 14 = z, 3*y + 5*z = 40. Give v(y).
3
Let m(i) be the first derivative of 5*i - 5/3*i**3 + 6 + 1/2*i**2 - 1/4*i**4. Let f(n) = n**2 - 18*n - 44. Let h be f(20). Calculate m(h).
-15
Let r(d) = 2*d**2 + 6*d + 16. Suppose -343*j = -284*j + 354. Determine r(j).
52
Let b(l) = -55*l**3 - l + 2. Let u = 2926 + -2925. What is b(u)?
-54
Let o be -3*(1 - 0 - 0). Suppose -a + 1 = y, -5 + 9 = -4*a. Let q(t) = 14*t**y + t**3 - 7*t**2 + 2 - 2*t**2 - 2*t**2. Give q(o).
2
Let n(u) = -3*u**3 + 9*u**2 - 4*u + 13. Let w(k) = 2*k**3 - 3*k**2 + k - 4. Let s(t) = -4*n(t) - 11*w(t). Give s(2).
-90
Let o(l) = 13*l - 12. Let g(d) be the second derivative of 6*d**3 - 35*d**2/2 + 18*d. Let f(z) = -4*g(z) + 11*o(z). What is f(0)?
8
Suppose d + 14*j - 9*j = -533, 2*d = 3*j - 1118. Let p = 553 + d. Let g(v) = v - 1. Let t(i) = -3*i + 3. Let u(s) = 4*g(s) + t(s). Give u(p).
-1
Let p(m) = -63 - 214*m + 664*m - 232*m - 211*m. What is p(10)?
7
Let f(s) = -29*s - 23 + 33*s - 8*s. Give f(-9).
13
Let d(t) be the first derivative of -2*t**3 - t**2 + 3*t + 13. Let f(c) = 3*c + 11. Let s be f(-3). Suppose 3*g = 2*x, -5*x - 9 = -s*g - 20. Determine d(g).
-25
Let x = -530 - -478. Let r be (6/4)/(x/(-40) + -1). Let c(d) = d**2 - 6*d. Give c(r).
-5
Let y be (-3 - (4 + -8)) + (-4 - -8). Suppose -y*i + 6*i = 0. Let n(a) = -4*a + 4. Let t(v) = v - 1. Let c(x) = n(x) + 3*t(x). Calculate c(i).
1
Let a(i) = -2*i**2 - 24*i - 46. Let t be -10*11/(-880) - (0 + (-136)/(-64)). Determine a(t).
-6
Let d(i) be the third derivative of -i**6/120 - 